ite?
False
Is 229129 prime?
False
Is 330401 composite?
True
Is 9197 a composite number?
True
Is 43013 a composite number?
False
Is 1522 composite?
True
Is 14165 a prime number?
False
Is 326993 a composite number?
False
Is 410893 a prime number?
False
Is 100993 a prime number?
False
Is 2302511 a prime number?
True
Is 294809 a composite number?
False
Is 56197 a prime number?
True
Is 20473 a composite number?
True
Is 1818607 composite?
True
Is 211331 a composite number?
True
Is 61121 a prime number?
True
Is 1591393 composite?
True
Is 265987 a composite number?
False
Is 21 a composite number?
True
Is 25693 composite?
False
Is 16049 a composite number?
True
Is 501 composite?
True
Is 497633 a prime number?
True
Is 107207 a composite number?
True
Is 15101 a prime number?
True
Is 4513 prime?
True
Is 22433 a composite number?
False
Is 7625209 prime?
True
Is 329057 composite?
True
Is 7249 a composite number?
True
Is 931195 a prime number?
False
Is 91837 a prime number?
True
Is 9019 composite?
True
Is 2279 prime?
False
Is 4187 a prime number?
False
Is 39977 composite?
True
Is 2767 a composite number?
False
Is 701861 a composite number?
True
Is 108677 composite?
False
Is 3242261 a prime number?
False
Is 6007 prime?
True
Is 611 composite?
True
Is 245515 a prime number?
False
Is 52651 prime?
False
Is 1608113 a composite number?
True
Is 34841 a composite number?
False
Is 884417 prime?
True
Is 88487 a prime number?
False
Is 52859 a composite number?
False
Is 225087 a prime number?
False
Is 8221 a composite number?
False
Is 9527 composite?
True
Is 251387 prime?
True
Is 14263 a composite number?
True
Is 292283 a prime number?
True
Is 393479 composite?
False
Is 216557 composite?
True
Is 2447 a composite number?
False
Is 5227 a prime number?
True
Is 2563 composite?
True
Is 820195 prime?
False
Is 5323 prime?
True
Is 9647 a composite number?
True
Is 1003 a prime number?
False
Is 12251 composite?
False
Is 242399 composite?
False
Is 5557 a composite number?
False
Is 232723 composite?
True
Is 163109 a composite number?
False
Is 111119 prime?
True
Is 40471 composite?
False
Is 117833 a composite number?
False
Is 79213 composite?
True
Is 177539 composite?
False
Is 351159 prime?
False
Is 213349 prime?
True
Is 76899 a composite number?
True
Is 232949 a prime number?
False
Is 207187 a composite number?
False
Is 13223 a prime number?
False
Is 7337323 a prime number?
False
Is 23393 prime?
False
Is 481751 a prime number?
True
Is 8941 prime?
True
Is 216289 prime?
True
Is 310547 composite?
False
Is 283721 composite?
False
Is 260819 prime?
False
Is 485 a composite number?
True
Is 20081 prime?
False
Is 221389 a prime number?
False
Is 2811 composite?
True
Is 23285 a prime number?
False
Is 3643 a prime number?
True
Is 2948254 a composite number?
True
Is 51365 composite?
True
Is 799471 composite?
False
Is 3263 a composite number?
True
Is 16621 prime?
False
Is 1894939 prime?
False
Is 29717 prime?
True
Is 4729 a composite number?
False
Is 16871 a prime number?
True
Is 556345 composite?
True
Is 106207 prime?
True
Is 9599 a composite number?
True
Is 25733 a prime number?
True
Is 23189 prime?
True
Is 11243 a composite number?
False
Is 270089 prime?
False
Is 23185 prime?
False
Is 250511 a composite number?
True
Is 10541 composite?
True
Is 40193 prime?
True
Is 8009 a prime number?
True
Is 1534777 composite?
True
Is 28697 a composite number?
False
Is 158189 prime?
True
Is 23497 composite?
False
Is 1507 prime?
False
Is 1601045 composite?
True
Is 17257 a prime number?
True
Is 85597 composite?
False
Is 10687 composite?
False
Is 645461 composite?
True
Is 128779 prime?
False
Is 42899 prime?
True
Is 30985 prime?
False
Is 42547 a composite number?
True
Is 3629 a prime number?
False
Is 1366109 a prime number?
True
Is 72433 a prime number?
False
Is 7195 a prime number?
False
Is 4946 prime?
False
Is 3251 a composite number?
False
Is 7289 a composite number?
True
Is 3019657 a prime number?
True
Is 29009 a composite number?
False
Is 122123 composite?
True
Is 151091 a composite number?
False
Is 300329 a prime number?
False
Is 5667 prime?
False
Is 133481 composite?
False
Is 155981 composite?
True
Is 17843 a composite number?
True
Is 6007 a prime number?
True
Is 221057 composite?
True
Is 267538 a composite number?
True
Is 163141 a composite number?
True
Is 161 composite?
True
Is 7669 a prime number?
True
Is 9299 prime?
False
Is 51109 composite?
False
Is 39419 prime?
True
Is 80387 prime?
True
Is 238737 a prime number?
False
Is 35771 a prime number?
True
Is 5093 a prime number?
False
Is 104569 prime?
False
Is 8143 a composite number?
True
Is 1893 composite?
True
Is 116491 a composite number?
False
Is 9005 a composite number?
True
Is 123419 a composite number?
False
Is 62963 prime?
False
Is 73973 composite?
False
Is 201389 composite?
False
Is 3299 composite?
False
Is 21877 composite?
True
Is 25009 prime?
False
Is 167411 prime?
False
Is 31531 prime?
True
Is 293609 a prime number?
False
Is 837887 composite?
False
Is 2047 a prime number?
False
Is 38401 composite?
True
Is 648031 composite?
True
Is 29857 prime?
False
Is 272891 composite?
True
Is 220123 a prime number?
True
Is 2633 composite?
False
Is 91621 prime?
True
Is 8741 a prime number?
True
Is 566647 prime?
False
Is 74434 a composite number?
True
Is 73813 prime?
False
Is 898981 a prime number?
True
Is 3989 a prime number?
True
Is 13001 a prime number?
True
Is 46849 prime?
False
Is 127 a composite number?
False
Is 19273 prime?
True
Is 4219 prime?
True
Is 485 composite?
True
Is 229373 composite?
False
Is 21139 composite?
False
Is 43117 a prime number?
True
Is 1324261 a composite number?
False
Is 252277 composite?
False
Is 18982 composite?
True
Is 1949 composite?
False
Is 51443 a prime number?
False
Is 11177 composite?
False
Is 354481 a prime number?
False
Is 65171 a prime number?
True
Is 432767 prime?
False
Is 33559 a prime number?
False
Is 8509 a composite number?
True
Is 12809 composite?
False
Is 231169 prime?
True
Is 438139 prime?
False
Is 104207 prime?
True
Is 2857 composite?
False
Is 1608911 a prime number?
True
Is 2257237 composite?
False
Is 50207 a prime number?
True
Is 130307 composite?
False
Is 5051 a composite number?
False
Is 29615 a composite number?
True
Is 22769 a composite number?
False
Is 18517 a prime number?
True
Is 8779 composite?
False
Is 15053 a prime number?
True
Is 15349 a prime number?
True
Is 99707 a composite number?
False
Is 1984993 composite?
True
Is 95579 a composite number?
True
Is 2369 a composite number?
True
Is 15053 a composite number?
False
Is 971 prime?
True
Is 5923 a composite number?
False
Is 15427 a composite number?
False
Is 6641 prime?
False
Is 97499 a composite number?
False
Is 185573 prime?
False
Is 92623 prime?
True
Is 11441 prime?
False
Is 37663 a composite number?
False
Is 13027 prime?
False
Is 41843 a prime number?
True
Is 10007 a composite number?
False
Is 17231 a composite number?
False
Is 13033 a composite number?
False
Is 100069 a prime number?
True
Is 131357 composite?
False
Is 7489603 a prime number?
False
Is 211147 a prime number?
False
Is 719557 composite?
False
Is 32411 a prime number?
True
Is 57037 composite?
False
Is 284611 a composite number?
True
Is 3071 a prime number?
False
Is 726413 prime?
True
Is 564251 a composite number?
False
Is 2067851 prime?
True
Is 153093 prime?
False
Is 85795 a prime number?
False
Is 40861 a prime number?
False
Is 10259 a prime number?
True
Is 33949 a composite number?
True
Is 9671 a prime number?
False
Is 580521 a prime number?
False
Is 33131 prime?
False
Is 23099 composite?
False
Is 561163 a prime number?
False
Is 2501633 prime?
False
Is 1141 a prime number?
False
Is 69313 composite?
False
Is 13963 a prime number?
True
Is 409 prime?
True
Is 12197 prime?
True
Is 298621 a prime number?
True
Is 773447 a composite number?
False
Is 1553 a composite number?
False
Is 2416045 composite?
True
Is 81329 a prime number?
False
Is 2149 prime?
False
Is 73717 a composite number?
True
Is 55967 a composite number?
False
Is 38173 a composite number?
True
Is 7069 a prime number?
True
Is 1718635 composite?
True
Is 29487 composite?
True
Is 297026 prime?
False
Is 3513 a prime number?
False
Is 568237 prime?
True
Is 140158 a composite number?
True
Is 2333 a prime number?
True
Is 2846 composi